(k) = 534*k - 419. Determine s(1).
115
Let b(c) = c**2 + 2*c - 58. Determine b(-15).
137
Let z(k) = -k**3 - 44*k**2 - 87*k - 112. Give z(-42).
14
Let a(c) = -2*c**2 - 69*c + 545. Determine a(8).
-135
Let m(d) = -2*d**3 + 42*d**2 + 3*d - 31. What is m(21)?
32
Let o(w) = -883*w - 58281. Calculate o(-66).
-3
Let f(q) = -q**2 - 32*q - 3. What is f(-33)?
-36
Let w(m) = 627*m + 3107. Calculate w(-5).
-28
Let q(b) = 58*b - 7640. Calculate q(132).
16
Let r(x) = 9*x + 51. Calculate r(-7).
-12
Let z(t) = t**2 - 165*t + 5226. Determine z(43).
-20
Let a(i) = -180*i - 9528. Give a(-53).
12
Let t(p) = p**2 + 60*p - 156. What is t(-63)?
33
Let n(u) = 71*u + 11926. Give n(-168).
-2
Let v(d) = 146*d + 673. Determine v(-6).
-203
Let s(n) = 7297*n - 94861. Calculate s(13).
0
Let m(w) = -4*w**3 + 232*w**2 - 2*w + 33. Determine m(58).
-83
Let g(u) = -u**3 + 10*u**2 - 10*u - 42. Calculate g(9).
-51
Let i(p) = 10*p**2 - 2123*p + 635. What is i(212)?
-1
Let z(t) = -22*t**2 - 31*t + 58. Determine z(2).
-92
Let k(v) = 11*v + 128. Give k(-16).
-48
Let k(y) = 59*y - 66. What is k(2)?
52
Let m(z) = z**3 - 6*z**2 + 15*z - 1. Give m(2).
13
Let j(k) = -845*k + 12689. Give j(15).
14
Let x(t) = -t**3 - 23*t**2 - 4*t - 74. Determine x(-23).
18
Let c(f) = -f**2 + 74*f + 2. What is c(74)?
2
Let t(m) = -357*m + 3931. What is t(11)?
4
Let f(k) = -2*k**3 + 34*k**2 - 58*k + 1001. Give f(17).
15
Let m(p) = p**3 + 3*p**2 + 10*p - 9. Determine m(5).
241
Let f(c) = -c**3 - c**2 + 38*c + 1. Determine f(8).
-271
Let a(d) = -71*d + 15. What is a(7)?
-482
Let q(u) = -u**3 - 13*u**2 + 3378*u - 134. Determine q(-65).
-4
Let l(h) = 42*h - 3189. What is l(76)?
3
Let l(t) = 2*t**3 + 2*t**2 + 15*t - 160. Calculate l(4).
60
Let i(t) = 458*t + 42601. What is i(-93)?
7
Let o(y) = -26*y - 231. Give o(-9).
3
Let t(y) = 612*y + 4286. Calculate t(-7).
2
Let g(z) = -z**3 + 2*z**2 - 24*z - 118. Determine g(-4).
74
Let h(f) = -105*f - 6715. Determine h(-64).
5
Let l(j) = j**3 + 24*j**2 - 56*j - 93. Determine l(-26).
11
Let p(r) = -2*r**2 - 42*r + 429. Give p(9).
-111
Let r(j) = -j**3 + 13*j**2 - 7*j - 21. Determine r(12).
39
Let b(l) = 49*l - 340. Give b(-5).
-585
Let o(z) = -14*z**2 + 138*z + 29. What is o(10)?
9
Let a(m) = -83*m + 372. Give a(6).
-126
Let d(v) = -v**3 - 8*v**2 + 21*v + 94. Give d(-7).
-102
Let a(o) = -o + 40. Determine a(55).
-15
Let k(n) = -n**3 + 3*n**2 + 36*n + 32. Determine k(-1).
0
Let f(w) = 23*w**3 - w**2 + 11*w - 30. Calculate f(2).
172
Let k(m) = 4*m - 87. Determine k(11).
-43
Let t(i) = 48*i**2 + 3. Give t(2).
195
Let l(c) = 1194*c - 13140. Determine l(11).
-6
Let p(x) = 2*x**2 - 13*x - 10. What is p(7)?
-3
Let v(n) = -82*n - 851. What is v(-10)?
-31
Let x(c) = -3*c**3 + 14*c**2 + 2*c + 1. Give x(5).
-14
Let x(z) = 3*z**2 - 1012*z + 17542. Determine x(319).
-3
Let q(y) = -y**3 + y**2 + 13*y - 1. Give q(4).
3
Let r(l) = -76*l**2 - 847*l + 27. Determine r(-11).
148
Let l(s) = -792*s - 2183. Give l(-3).
193
Let m(q) = -132*q + 533. Determine m(4).
5
Let w(s) = 3*s + 208. What is w(-38)?
94
Let z(w) = -22*w + 166. Give z(12).
-98
Let l(h) = 11*h + 185. Determine l(-18).
-13
Let r(b) = -b**3 - 32*b**2 - 206*b + 7. What is r(-23)?
-16
Let o(t) = 1894*t - 6. What is o(0)?
-6
Let l(i) = 24*i**2 - 56*i + 3. Calculate l(3).
51
Let z(a) = a**3 + 5*a**2 - 10*a + 24. Calculate z(-7).
-4
Let q(d) = 63*d + 227. What is q(0)?
227
Let p(w) = 126*w - 1761. Give p(14).
3
Let c(o) = -66274*o - 463918. Calculate c(-7).
0
Let z(v) = v**3 + 5*v**2 + 18*v + 23. Calculate z(-2).
-1
Let n(t) = 56*t + 250. Give n(-11).
-366
Let s(j) = 3*j**2 + 18*j - 6. What is s(-8)?
42
Let t(g) = 58*g + 37. What is t(-2)?
-79
Let z(s) = 9*s**2 + 60*s + 665. What is z(-10)?
965
Let v(z) = 18*z**2 + 6*z - 4. What is v(2)?
80
Let r(y) = 411*y - 67. Determine r(-1).
-478
Let o(x) = -x**3 - 81*x**2 - 230*x + 262. Determine o(-78).
-50
Let o(b) = 3*b**3 + 65*b**2 + 22*b - 404. What is o(-21)?
16
Let n(z) = 56*z - 142. Calculate n(7).
250
Let m(y) = 46*y**3 + 2*y**2 - 3*y - 3. What is m(-1)?
-44
Let o(i) = -2*i**3 + 101*i**2 + 55*i - 186. Determine o(51).
18
Let s(k) = 1283*k + 11539. Give s(-9).
-8
Let s(p) = p**2 + 8*p + 77. Give s(-20).
317
Let t(y) = -31*y + 524. Give t(18).
-34
Let q(t) = -5*t**3 + 23*t**2 + 7*t + 5. Calculate q(3).
98
Let k(x) = -2*x**3 - 230*x**2 + 1710*x + 302. What is k(-122)?
58
Let j(b) = -b**2 - 138*b + 1165. Determine j(-146).
-3
Let n(w) = -445*w - 7116. Determine n(-16).
4
Let j(z) = z**3 - 14*z**2 + 16*z - 131. Determine j(13).
-92
Let o(y) = 38*y + 640. Determine o(-17).
-6
Let k(d) = d**3 - 67*d**2 + 62*d - 4130. What is k(67)?
24
Let t(o) = -o**2 + 660*o - 8. Determine t(0).
-8
Let a(m) = 3*m**2 - 62*m + 229. Calculate a(5).
-6
Let l(s) = 567*s - 17570. What is l(31)?
7
Let v(f) = -f**3 + f**2 + 44*f + 125. Give v(-3).
29
Let u(q) = -39*q**3 - 5*q**2 - 8*q - 3. Give u(-1).
39
Let t(m) = -3*m**2 - 15*m - 34. What is t(-3)?
-16
Let r(k) = 8*k**2 + 136*k - 272. Determine r(2).
32
Let n(t) = 3*t**2 - 324*t - 523. What is n(109)?
-196
Let k(b) = -5*b**2 + 120*b - 72. Calculate k(21).
243
Let k(x) = -192*x - 13831. Give k(-72).
-7
Let y(z) = -z**3 - 23*z**2 - 23*z - 8. Calculate y(-22).
14
Let g(i) = 2*i**3 - 135*i**2 - 84*i + 1083. Give g(68).
-5
Let u(l) = 27*l - 69. Calculate u(3).
12
Let x(b) = 2*b**2 - 15*b - 124. Determine x(-5).
1
Let t(m) = 22*m - 533. Determine t(18).
-137
Let d(r) = 17*r - 5. What is d(-17)?
-294
Let n(z) = -z**3 + 5*z**2 + 13*z + 10. Calculate n(6).
52
Let c(h) = -11*h**2 - 65*h + 10. What is c(-6)?
4
Let z(q) = -2*q**2 - 65*q - 1. Determine z(-30).
149
Let r(w) = -66*w - 57. Give r(0).
-57
Let w(a) = 48*a - 372. Determine w(7).
-36
Let c(w) = 2197*w + 13286. What is c(-6)?
104
Let v(c) = 4*c - 494. Give v(-9).
-530
Let v(q) = q**3 - 56*q**2 + 458*q + 77. Give v(46).
-15
Let a(x) = -3040*x - 112479. What is a(-37)?
1
Let f(x) = 49*x - 492. Calculate f(7).
-149
Let k(r) = -r**3 - 8*r**2 - 10*r - 29. What is k(-7)?
-8
Let q(v) = v**3 - 22*v**2 + 15*v + 16. Give q(21).
-110
Let g(k) = -187*k - 1540. Determine g(-9).
143
Let a(w) = 10*w - 872. What is a(77)?
-102
Let x(z) = -z**2 + 14*z - 36. What is x(7)?
13
Let v(l) = 4*l**2 + 79*l + 250. What is v(-16)?
10
Let z(j) = -27*j**2 + 597*j - 74. What is z(22)?
-8
Let d(v) = 155*v - 2392. Give d(16).
88
Let p(l) = -l**2 - 38*l - 19. Calculate p(-30).
221
Let w(t) = 48*t - 330. Determine w(9).
102
Let h(c) = -985*c - 4943. What is h(-5)?
-18
Let n(i) = -770*i - 754. Determine n(-1).
16
Let c(n) = 3*n**3 + 29*n**2 - 204*n + 539. What is c(-15)?
-1
Let p(a) = 9*a**2 + 64*a - 7. Determine p(-8).
57
Let w(c) = 2*c**3 + 12*c**2 + 4*c - 5. Calculate w(-5).
25
Let r(l) = 16*l**2 - 77*l + 232. Determine r(3).
145
Let c(h) = 2*h**2 - 180*h + 3708. Calculate c(32).
-4
Let f(z) = -z**3 + 53*z**2 + 15*z - 796. Determine f(53).
-1
Let x(a) = -3*a**3 + 43*a**2 - 11*a + 39. What is x(14)?
81
Let i(s) = -s**2 + 112*s + 699. Determine i(-6).
-9
Let w(v) = -467*v + 2799. What is w(6)?
-3
Let i(z) = z**3 - 66*z**2 - 364*z + 599. What is i(71)?
-40
Let y(m) = -69*m**2 - 308*m - 245. Determine y(-1).
-6
Let g(n) = -19*n + 92. What is g(10)?
-98
Let w(l) = 5*l**2 + 248*l - 107. What is w(-50)?
-7
Let u(m) = -113*m - 3457. Give u(-30).
-67
Let y(i) = 2*i**2 + 19*i - 38. What is y(-11)?
-5
Let h(t) = -17*t + 193. What is h(14)?
-45
Let u(w) = w**2 - 105*w + 2770. Calculate u(56).
26
Let h(f) = f**3 + 26*f**2 - 47*f - 527. Determine h(-27).
13
Let u(y) = 14*y**2 + 70*y - 189. Calculate u(2).
7
Let i(c) = -20*c**2 - 551*c - 1646. Calculate i(-3).
-173
Let h(z) = -z**3 - 9*z**2 + 3*z + 6. What is h(-8)?
-82
Let v(u) = -u**3 - 20*u**2 + 127*u + 56. Determine v(-25).
6
Let c(q) = 3*q**2 - 46*q - 20. Give c(18).
124
Let x(c) = c**3 - 7*c**2 - c + 17. Give x(10).
307
Let i(k) = -76*k - 3780. Determine i(-50).
20
Let y(o) = o**3 + 50*o**2 + 2*o + 104. Calculate y(-50).
4
Let u(c) = -10*c - 43. Determine u(-21).
167
Let o(f) = -458*f - 507. What is o(-1)?
-49
Let r(p) = 198*p - 1604. Calculate r(8).
-20
Let d(r) = -2*r**3 - 7*r**2 - 7*r - 50. What is d(-4)?
-6
Let k(u) = 3*u**2 - 208*u + 412. Determine k(67).
-57
Let p(m) = m**3 + 38*m**2 + 73*m + 101. What is p(-36)?
65
Let w(i) = -117*i - 282. Calculate w(-4).
186
Let h(x) = x**3 - 79*x**2 - 6*x + 485. C